[INFO] cloning repository https://github.com/Hugo4IT/Vide
[INFO] running `Command { std: "git" "-c" "credential.helper=" "-c" "credential.helper=/workspace/cargo-home/bin/git-credential-null" "clone" "--bare" "https://github.com/Hugo4IT/Vide" "/workspace/cache/git-repos/https%3A%2F%2Fgithub.com%2FHugo4IT%2FVide", kill_on_drop: false }`
[INFO] [stderr] Cloning into bare repository '/workspace/cache/git-repos/https%3A%2F%2Fgithub.com%2FHugo4IT%2FVide'...
[INFO] running `Command { std: "git" "rev-parse" "HEAD", kill_on_drop: false }`
[INFO] [stdout] 6b90204dd2f9d2cdb601809ed2b3e80242fad7ae
[INFO] checking Hugo4IT/Vide against master#e6e4f7ed1589e03bc2f6c5931c1a72e7947e8682 for beta-170-4
[INFO] running `Command { std: "git" "clone" "/workspace/cache/git-repos/https%3A%2F%2Fgithub.com%2FHugo4IT%2FVide" "/workspace/builds/worker-3-tc2/source", kill_on_drop: false }`
[INFO] [stderr] Cloning into '/workspace/builds/worker-3-tc2/source'...
[INFO] [stderr] done.
[INFO] validating manifest of git repo https://github.com/Hugo4IT/Vide on toolchain e6e4f7ed1589e03bc2f6c5931c1a72e7947e8682
[INFO] running `Command { std: CARGO_HOME="/workspace/cargo-home" RUSTUP_HOME="/workspace/rustup-home" "/workspace/cargo-home/bin/cargo" "+e6e4f7ed1589e03bc2f6c5931c1a72e7947e8682" "metadata" "--manifest-path" "Cargo.toml" "--no-deps", kill_on_drop: false }`
[INFO] started tweaking git repo https://github.com/Hugo4IT/Vide
[INFO] finished tweaking git repo https://github.com/Hugo4IT/Vide
[INFO] tweaked toml for git repo https://github.com/Hugo4IT/Vide written to /workspace/builds/worker-3-tc2/source/Cargo.toml
[INFO] crate git repo https://github.com/Hugo4IT/Vide already has a lockfile, it will not be regenerated
[INFO] running `Command { std: CARGO_HOME="/workspace/cargo-home" RUSTUP_HOME="/workspace/rustup-home" "/workspace/cargo-home/bin/cargo" "+e6e4f7ed1589e03bc2f6c5931c1a72e7947e8682" "fetch" "--manifest-path" "Cargo.toml", kill_on_drop: false }`
[INFO] running `Command { std: "docker" "create" "-v" "/var/lib/crater-agent-workspace/builds/worker-3-tc2/target:/opt/rustwide/target:rw,Z" "-v" "/var/lib/crater-agent-workspace/builds/worker-3-tc2/source:/opt/rustwide/workdir:ro,Z" "-v" "/var/lib/crater-agent-workspace/cargo-home:/opt/rustwide/cargo-home:ro,Z" "-v" "/var/lib/crater-agent-workspace/rustup-home:/opt/rustwide/rustup-home:ro,Z" "-e" "SOURCE_DIR=/opt/rustwide/workdir" "-e" "CARGO_TARGET_DIR=/opt/rustwide/target" "-e" "CARGO_HOME=/opt/rustwide/cargo-home" "-e" "RUSTUP_HOME=/opt/rustwide/rustup-home" "-w" "/opt/rustwide/workdir" "-m" "1610612736" "--user" "0:0" "--network" "none" "ghcr.io/rust-lang/crates-build-env/linux@sha256:19e73879b68f455e41552ea35293514db52ea292d993f571636dbffedb77a1ee" "/opt/rustwide/cargo-home/bin/cargo" "+e6e4f7ed1589e03bc2f6c5931c1a72e7947e8682" "metadata" "--no-deps" "--format-version=1", kill_on_drop: false }`
[INFO] [stdout] 49a1cb65f9228616b79834ab64da83645c912d5b62c2b7ccfe289bcb3da71987
[INFO] running `Command { std: "docker" "start" "-a" "49a1cb65f9228616b79834ab64da83645c912d5b62c2b7ccfe289bcb3da71987", kill_on_drop: false }`
[INFO] running `Command { std: "docker" "inspect" "49a1cb65f9228616b79834ab64da83645c912d5b62c2b7ccfe289bcb3da71987", kill_on_drop: false }`
[INFO] running `Command { std: "docker" "rm" "-f" "49a1cb65f9228616b79834ab64da83645c912d5b62c2b7ccfe289bcb3da71987", kill_on_drop: false }`
[INFO] [stdout] 49a1cb65f9228616b79834ab64da83645c912d5b62c2b7ccfe289bcb3da71987
[INFO] running `Command { std: "docker" "create" "-v" "/var/lib/crater-agent-workspace/builds/worker-3-tc2/target:/opt/rustwide/target:rw,Z" "-v" "/var/lib/crater-agent-workspace/builds/worker-3-tc2/source:/opt/rustwide/workdir:ro,Z" "-v" "/var/lib/crater-agent-workspace/cargo-home:/opt/rustwide/cargo-home:ro,Z" "-v" "/var/lib/crater-agent-workspace/rustup-home:/opt/rustwide/rustup-home:ro,Z" "-e" "SOURCE_DIR=/opt/rustwide/workdir" "-e" "CARGO_TARGET_DIR=/opt/rustwide/target" "-e" "CARGO_INCREMENTAL=0" "-e" "RUST_BACKTRACE=full" "-e" "RUSTFLAGS=--cap-lints=forbid" "-e" "RUSTDOCFLAGS=--cap-lints=forbid" "-e" "CARGO_HOME=/opt/rustwide/cargo-home" "-e" "RUSTUP_HOME=/opt/rustwide/rustup-home" "-w" "/opt/rustwide/workdir" "-m" "1610612736" "--user" "0:0" "--network" "none" "ghcr.io/rust-lang/crates-build-env/linux@sha256:19e73879b68f455e41552ea35293514db52ea292d993f571636dbffedb77a1ee" "/opt/rustwide/cargo-home/bin/cargo" "+e6e4f7ed1589e03bc2f6c5931c1a72e7947e8682" "check" "--frozen" "--all" "--all-targets" "--message-format=json", kill_on_drop: false }`
[INFO] [stdout] f6dd40758ae3735ff8b119a9d0abd656126f2b09b6f346a4c17105e8d3537247
[INFO] running `Command { std: "docker" "start" "-a" "f6dd40758ae3735ff8b119a9d0abd656126f2b09b6f346a4c17105e8d3537247", kill_on_drop: false }`
[INFO] [stderr]    Compiling proc-macro2 v1.0.39
[INFO] [stderr]    Compiling num-traits v0.2.15
[INFO] [stderr]    Compiling syn v1.0.98
[INFO] [stderr]     Checking once_cell v1.12.0
[INFO] [stderr]     Checking smallvec v1.8.0
[INFO] [stderr]    Compiling indexmap v1.9.0
[INFO] [stderr]     Checking hashbrown v0.12.1
[INFO] [stderr]     Checking bit-set v0.5.2
[INFO] [stderr]     Checking getrandom v0.2.7
[INFO] [stderr]     Checking khronos-egl v4.1.0
[INFO] [stderr]    Compiling wgpu-core v0.13.1
[INFO] [stderr]     Checking wgpu-types v0.13.0
[INFO] [stderr]    Compiling webm-sys v1.0.3
[INFO] [stderr]    Compiling cgmath v0.18.0
[INFO] [stderr]    Compiling ac-ffmpeg v0.17.4
[INFO] [stderr]     Checking bytemuck v1.9.1
[INFO] [stderr]     Checking pollster v0.2.5
[INFO] [stderr]     Checking regex-syntax v0.6.26
[INFO] [stderr]     Checking ahash v0.7.6
[INFO] [stderr]     Checking atty v0.2.14
[INFO] [stderr]     Checking parking_lot_core v0.8.5
[INFO] [stderr]     Checking hashbrown v0.11.2
[INFO] [stderr]     Checking parking_lot v0.11.2
[INFO] [stderr]     Checking gpu-descriptor v0.2.2
[INFO] [stderr]    Compiling quote v1.0.19
[INFO] [stderr]     Checking regex v1.5.6
[INFO] [stderr]     Checking spirv v0.2.0+1.5.4
[INFO] [stderr]     Checking approx v0.4.0
[INFO] [stderr]     Checking env_logger v0.9.0
[INFO] [stderr]     Checking webm v1.0.2
[INFO] [stderr]    Compiling thiserror-impl v1.0.31
[INFO] [stderr]     Checking thiserror v1.0.31
[INFO] [stderr]     Checking naga v0.9.0
[INFO] [stderr]     Checking wgpu-hal v0.13.1
[INFO] [stderr]     Checking wgpu v0.13.1
[INFO] [stderr]     Checking vide_lib v0.1.0 (/opt/rustwide/workdir/crates/vide_lib)
[INFO] [stdout] error[E0061]: this method takes 2 arguments but 1 argument was supplied
[INFO] [stdout]     --> crates/vide_lib/src/render.rs:422:40
[INFO] [stdout]      |
[INFO] [stdout] 422  |             let request = buffer_slice.map_async(wgpu::MapMode::Read);
[INFO] [stdout]      |                                        ^^^^^^^^^--------------------- an argument is missing
[INFO] [stdout]      |
[INFO] [stdout] note: method defined here
[INFO] [stdout]     --> /opt/rustwide/cargo-home/registry/src/index.crates.io-6f17d22bba15001f/wgpu-0.13.1/src/lib.rs:2441:12
[INFO] [stdout]      |
[INFO] [stdout] 2441 |     pub fn map_async(
[INFO] [stdout]      |            ^^^^^^^^^
[INFO] [stdout] help: provide the argument
[INFO] [stdout]      |
[INFO] [stdout] 422  |             let request = buffer_slice.map_async(wgpu::MapMode::Read, /* callback */);
[INFO] [stdout]      |                                                 ~~~~~~~~~~~~~~~~~~~~~~~~~~~~~~~~~~~~~
[INFO] [stdout] 
[INFO] [stdout] 
[INFO] [stdout] error[E0061]: this method takes 2 arguments but 1 argument was supplied
[INFO] [stdout]     --> crates/vide_lib/src/render.rs:422:40
[INFO] [stdout]      |
[INFO] [stdout] 422  |             let request = buffer_slice.map_async(wgpu::MapMode::Read);
[INFO] [stdout]      |                                        ^^^^^^^^^--------------------- an argument is missing
[INFO] [stdout]      |
[INFO] [stdout] note: method defined here
[INFO] [stdout]     --> /opt/rustwide/cargo-home/registry/src/index.crates.io-6f17d22bba15001f/wgpu-0.13.1/src/lib.rs:2441:12
[INFO] [stdout]      |
[INFO] [stdout] 2441 |     pub fn map_async(
[INFO] [stdout]      |            ^^^^^^^^^
[INFO] [stdout] help: provide the argument
[INFO] [stdout]      |
[INFO] [stdout] 422  |             let request = buffer_slice.map_async(wgpu::MapMode::Read, /* callback */);
[INFO] [stdout]      |                                                 ~~~~~~~~~~~~~~~~~~~~~~~~~~~~~~~~~~~~~
[INFO] [stdout] 
[INFO] [stdout] 
[INFO] [stdout] error[E0277]: `()` is not a future
[INFO] [stdout]    --> crates/vide_lib/src/render.rs:424:45
[INFO] [stdout]     |
[INFO] [stdout] 424 |             let result = pollster::block_on(request);
[INFO] [stdout]     |                          ------------------ ^^^^^^^ `()` is not a future
[INFO] [stdout]     |                          |
[INFO] [stdout]     |                          required by a bound introduced by this call
[INFO] [stdout]     |
[INFO] [stdout]     = help: the trait `Future` is not implemented for `()`
[INFO] [stdout]     = note: () must be a future or must implement `IntoFuture` to be awaited
[INFO] [stdout] note: required by a bound in `pollster::block_on`
[INFO] [stdout]    --> /opt/rustwide/cargo-home/registry/src/index.crates.io-6f17d22bba15001f/pollster-0.2.5/src/lib.rs:106:20
[INFO] [stdout]     |
[INFO] [stdout] 106 | pub fn block_on<F: Future>(mut fut: F) -> F::Output {
[INFO] [stdout]     |                    ^^^^^^ required by this bound in `block_on`
[INFO] [stdout] 
[INFO] [stdout] 
[INFO] [stdout] error[E0277]: `()` is not a future
[INFO] [stdout]    --> crates/vide_lib/src/render.rs:424:45
[INFO] [stdout]     |
[INFO] [stdout] 424 |             let result = pollster::block_on(request);
[INFO] [stdout]     |                          ------------------ ^^^^^^^ `()` is not a future
[INFO] [stdout]     |                          |
[INFO] [stdout]     |                          required by a bound introduced by this call
[INFO] [stdout]     |
[INFO] [stdout]     = help: the trait `Future` is not implemented for `()`
[INFO] [stdout]     = note: () must be a future or must implement `IntoFuture` to be awaited
[INFO] [stdout] note: required by a bound in `pollster::block_on`
[INFO] [stdout]    --> /opt/rustwide/cargo-home/registry/src/index.crates.io-6f17d22bba15001f/pollster-0.2.5/src/lib.rs:106:20
[INFO] [stdout]     |
[INFO] [stdout] 106 | pub fn block_on<F: Future>(mut fut: F) -> F::Output {
[INFO] [stdout]     |                    ^^^^^^ required by this bound in `block_on`
[INFO] [stdout] 
[INFO] [stdout] 
[INFO] [stdout] error[E0277]: `()` is not a future
[INFO] [stdout]    --> crates/vide_lib/src/render.rs:424:26
[INFO] [stdout]     |
[INFO] [stdout] 424 |             let result = pollster::block_on(request);
[INFO] [stdout]     |                          ^^^^^^^^^^^^^^^^^^^^^^^^^^^ `()` is not a future
[INFO] [stdout]     |
[INFO] [stdout]     = help: the trait `Future` is not implemented for `()`
[INFO] [stdout]     = note: () must be a future or must implement `IntoFuture` to be awaited
[INFO] [stdout] 
[INFO] [stdout] 
[INFO] [stdout] error[E0277]: `()` is not a future
[INFO] [stdout]    --> crates/vide_lib/src/render.rs:424:26
[INFO] [stdout]     |
[INFO] [stdout] 424 |             let result = pollster::block_on(request);
[INFO] [stdout]     |                          ^^^^^^^^^^^^^^^^^^^^^^^^^^^ `()` is not a future
[INFO] [stdout]     |
[INFO] [stdout]     = help: the trait `Future` is not implemented for `()`
[INFO] [stdout]     = note: () must be a future or must implement `IntoFuture` to be awaited
[INFO] [stdout] 
[INFO] [stdout] 
[INFO] [stdout] error[E0277]: `()` is not a future
[INFO] [stdout]    --> crates/vide_lib/src/render.rs:424:26
[INFO] [stdout]     |
[INFO] [stdout] 424 |             let result = pollster::block_on(request);
[INFO] [stdout]     |                          ^^^^^^^^^^^^^^^^^^ `()` is not a future
[INFO] [stdout]     |
[INFO] [stdout]     = help: the trait `Future` is not implemented for `()`
[INFO] [stdout]     = note: () must be a future or must implement `IntoFuture` to be awaited
[INFO] [stdout] 
[INFO] [stdout] 
[INFO] [stdout] error[E0277]: `()` is not a future
[INFO] [stdout]    --> crates/vide_lib/src/render.rs:424:26
[INFO] [stdout]     |
[INFO] [stdout] 424 |             let result = pollster::block_on(request);
[INFO] [stdout]     |                          ^^^^^^^^^^^^^^^^^^ `()` is not a future
[INFO] [stdout]     |
[INFO] [stdout]     = help: the trait `Future` is not implemented for `()`
[INFO] [stdout]     = note: () must be a future or must implement `IntoFuture` to be awaited
[INFO] [stdout] 
[INFO] [stdout] 
[INFO] [stdout] error: aborting due to 4 previous errors
[INFO] [stdout] 
[INFO] [stdout] 
[INFO] [stdout] Some errors have detailed explanations: E0061, E0277.
[INFO] [stdout] 
[INFO] [stdout] For more information about an error, try `rustc --explain E0061`.
[INFO] [stdout] 
[INFO] [stdout] error: aborting due to 4 previous errors
[INFO] [stdout] 
[INFO] [stdout] 
[INFO] [stdout] Some errors have detailed explanations: E0061, E0277.
[INFO] [stdout] 
[INFO] [stdout] For more information about an error, try `rustc --explain E0061`.
[INFO] [stdout] 
[INFO] [stderr] error: could not compile `vide_lib` (lib) due to 5 previous errors
[INFO] [stderr] warning: build failed, waiting for other jobs to finish...
[INFO] [stderr] error: could not compile `vide_lib` (lib test) due to 5 previous errors
[INFO] running `Command { std: "docker" "inspect" "f6dd40758ae3735ff8b119a9d0abd656126f2b09b6f346a4c17105e8d3537247", kill_on_drop: false }`
[INFO] running `Command { std: "docker" "rm" "-f" "f6dd40758ae3735ff8b119a9d0abd656126f2b09b6f346a4c17105e8d3537247", kill_on_drop: false }`
[INFO] [stdout] f6dd40758ae3735ff8b119a9d0abd656126f2b09b6f346a4c17105e8d3537247
